 i?
32
What is the remainder when 1298 is divided by (178 + -180)*-1*644?
10
Let x = -1564 + 1857. Calculate the remainder when x is divided by 78.
59
Let d = -164 - -188. What is the remainder when 342 is divided by d?
6
Let q be (42 + -4 + 2)*5/4. Let v = -40 + q. What is the remainder when 165 is divided by v?
5
Let j(q) be the first derivative of -19*q**2 - 100*q + 41. What is the remainder when j(-4) is divided by 40?
12
Let m = -2898 + 2967. What is the remainder when 219 is divided by m?
12
Suppose 172*x - 177*x = -60. Suppose -4*w = 2*c - 18, -8*w = -x*w - c + 15. Calculate the remainder when (-2)/(-3) + (-25)/(-3) is divided by w.
0
Let v = 19 + -8. What is the remainder when v is divided by 1 + ((7 - 10)/(-1) - 0/(-4))?
3
Suppose 4*x + 4*v - 1752 = 0, 2*x - 3*v = x + 418. Calculate the remainder when x is divided by (-9)/((-405)/14355*11).
27
Let q(j) = -j**3 + 6*j**2 + j + 20. Let y = -137 + 146. Calculate the remainder when q(5) is divided by y.
5
Suppose -4*r - 8 = -5*r. Suppose 5*c - 679 = r*h - 4*h, -5*c + 3*h + 683 = 0. Calculate the remainder when c is divided by 13.
9
Let k(q) = -18*q**3 + 7*q**2 - 15*q + 3. Let i be k(3). Let c = 568 + i. Calculate the remainder when c is divided by 15.
13
Suppose 3*s = -3*g - 2*g - 915, -5*s + 5*g = 1485. Let z = s + 430. Calculate the remainder when z is divided by 23.
15
Let z(f) be the second derivative of -2*f**3/3 + 11*f**2 + f. Let d = -57 + 49. What is the remainder when z(d) is divided by 11?
10
Let g = 8820 - 6538. Calculate the remainder when g is divided by 254.
250
Let l(r) = -r**3 - r**2 + r + 24. Calculate the remainder when 668*3/12*1 is divided by l(0).
23
Suppose 3*i - 9 = -0*i + 3*v, -3*v = -5*i + 21. Calculate the remainder when 504/i - -4 - 2/2 is divided by 44.
43
Suppose -2*k = -4*f + 2*k + 200, 200 = 4*f + k. Suppose -18 = g - f. What is the remainder when -2 + g/24 + 431/3 is divided by 24?
23
Suppose 555*t = 489*t + 28776. Calculate the remainder when t is divided by 55.
51
Let s(b) = 39*b - 114. Calculate the remainder when 122 is divided by s(4).
38
Let a(v) = -17*v + 17. Let z be a(-17). Suppose -4*b + z = 13*b. Calculate the remainder when 358 is divided by b.
16
Let d = 0 + 3. Suppose -5*x + 2*x - 4*o - 167 = 0, -d*o = -x - 34. Let k = x + 54. What is the remainder when 29 is divided by k?
4
Suppose 12 = -2*o, 4*s - 34963 = -3*o + 3207. Calculate the remainder when s is divided by 124.
123
Let j(x) = 37*x - 190. Calculate the remainder when j(8) is divided by 16.
10
Suppose 345 = 3*d + 3*r, 35 = d + 4*r - 77. Let x = -104 + d. Calculate the remainder when 58 is divided by x/(-2)*((-2)/(-4) - 4).
16
Let l = -16313 + 16338. Calculate the remainder when 871 is divided by l.
21
Suppose 4*t + 5*h = -159, -2*t - 66 = -0*t - 2*h. Suppose 16*x - 17*x = -u + 43, -2*x + 10 = 0. Let f = u + t. Calculate the remainder when 57 is divided by f.
9
Let t(a) = a**2 - 6*a - 3. Let b be 2*(-14)/8*(-16)/14. Let h be t(b). What is the remainder when 23 is divided by 2/(10 + h - 8/(-7))?
9
Let v = -3850 - -3929. Calculate the remainder when 267 is divided by v.
30
Let h be (10 - (-8503)/55) + (-4)/(-10). Let y = -100 + h. Calculate the remainder when 192 is divided by y.
62
Suppose -2*a + 0*a = 6*b - 60, -b = 3*a - 114. Calculate the remainder when 701 is divided by a.
38
Let q(s) = -s**3 + 62*s**2 - 119*s - 35. What is the remainder when q(60) is divided by 10 + 3*(-3)/3?
4
Let d be 4/(-2) + (5 - -2). Suppose -d*f + 491 = -494. Calculate the remainder when f is divided by 8.
5
Suppose 37*u - 9 = 36*u. What is the remainder when ((-54)/(-4))/((-75)/(-100)) is divided by u?
0
Let n = -754 - -748. Let d(m) = -m**3 + 4*m**2 - 11*m - 20. What is the remainder when d(n) is divided by 68?
66
Let a = 444 + -266. What is the remainder when a/8*(6 - 2) is divided by 10?
9
Let y(b) = 1602*b**3 - 2*b**2 + 36*b - 34. Calculate the remainder when y(1) is divided by 22.
18
Let m(k) = -127*k + 650. What is the remainder when m(-27) is divided by 60?
59
Let z = 447 + 4170. Calculate the remainder when z is divided by 77.
74
Let f(u) be the first derivative of 6*u**2 + 191*u - 183. What is the remainder when 138 is divided by f(-12)?
44
Let t = -248 + 271. What is the remainder when t is divided by (64/11 - 34/(-187)) + 2?
7
Let a = -144 + 45. Let j = 144 + a. Calculate the remainder when j is divided by 19.
7
Let b be ((-4)/10 + -1 - -1)*-10. Suppose 2*q = 5*c - 25, b*c + 5*q = 8*c - 3. Calculate the remainder when 50 is divided by c.
1
Let o = 5309 + -5004. What is the remainder when o is divided by 282?
23
Let p = 7 - 4. Let x be (-20)/(-6)*(1377/(-45))/(-17). Suppose p*v - x = 0, 6*v - 2*v = -3*o + 41. What is the remainder when 63 is divided by o?
8
Let g(m) = 96*m - 513. Let t(r) = -6*r + 32. Let c(w) = -2*g(w) - 33*t(w). Calculate the remainder when 50 is divided by c(8).
14
Let d(p) be the second derivative of 7*p**4/12 + 3*p**3 + 71*p**2/2 + 225*p. What is the remainder when d(-6) is divided by 24?
23
Suppose -4*t + 1245 = 5*l, l = -37 + 38. Calculate the remainder when t is divided by 26.
24
Let f(o) = 13*o + 134. Let k be f(-10). Suppose 2*j = -k*u + 62, -2*j + 3 = 13. What is the remainder when u is divided by 10?
8
Let w be 5/(-1) + (36/(-4) - 0). What is the remainder when 176 is divided by -8 - (-2175)/105 - 4/w?
7
Let o(m) = -79*m**3 - 2*m**2 - 6*m - 14. What is the remainder when o(-2) is divided by 13?
11
Suppose 0 = -86*l + 82*l - h + 205, 4*h + 251 = 5*l. What is the remainder when 8869 is divided by l?
46
Suppose -2*p + 22 = -5*r - 174, p - 104 = 4*r. Suppose -5*k - 5*v + 353 = p, 102 = 2*k + 3*v. Calculate the remainder when 182 is divided by k.
11
Let h be -34*(-4 - -10)/12. Let q = 56 + -5. Let b = h + q. Calculate the remainder when b is divided by 3.
1
Suppose -b - 16 = -u, -16*u = -11*u + 3*b - 96. Let m = 31 + u. Calculate the remainder when 184 is divided by m.
37
Suppose 0 = -185*s + 42*s + 50193. Calculate the remainder when s is divided by 92.
75
Let z(q) = -3*q + 104. Let b be z(0). Let f = b - 58. What is the remainder when f is divided by 25?
21
Let b(n) = 75*n**2 - 283*n - 1153. What is the remainder when b(-4) is divided by 585?
9
Calculate the remainder when 159 is divided by (2 + (6 - -110))/(2 - 0).
41
Let a(u) = 10*u**3 - 8*u**2 + 17*u + 12. Let i(o) = 3*o**3 - 3*o**2 + 6*o + 4. Let p(v) = -2*a(v) + 7*i(v). What is the remainder when p(6) is divided by 23?
19
Suppose 113*k - 12 = 110*k. Suppose -2*b = -5*m - 69, k*m = -4 - 8. What is the remainder when 269 is divided by b?
26
Let x(j) = 4*j**2 - 45*j + 132. Suppose -2*d = 5*i - 46, 0 = -3*d - 2*i + 48 - 1. What is the remainder when x(3) is divided by d?
7
Let n = 4905 - 4856. Calculate the remainder when 692 is divided by n.
6
Suppose 4*c - 4*u = 11808 + 18208, 4*c - 30013 = 5*u. Calculate the remainder when c is divided by 10.
7
Let o be (39/5 - 3)/((-2)/(-25)). Let j = o + -80. What is the remainder when 38 is divided by 5/(j/(-48)) + 1?
12
Suppose 0 = 3*f - 3*i - 45 - 39, -3*f + 80 = -4*i. Let g(y) = 1147*y - 7806. What is the remainder when g(7) is divided by f?
31
Let u(i) = -i**3 + 50*i**2 + 48*i + 342. Calculate the remainder when u(51) is divided by 43.
17
Let v be (5 - (-1 + -2 + 5)) + 1. Suppose 3*l - 126 = -b, -2*l + 3*l - 559 = -v*b. Calculate the remainder when b is divided by 25.
16
Let w = -2805 + 3050. Calculate the remainder when w is divided by 159.
86
Suppose -2*g = 5*v - 283, -3*g + 170 = 3*v - 2*g. Suppose -4*y - 52*i = -49*i - 35, 0 = -4*y + i + 47. What is the remainder when v is divided by y?
2
Suppose -4*f + 1056 = 4*q, 3*q - 8*f - 837 = -6*f. What is the remainder when q is divided by 87?
12
Let s = 169 + -151. Suppose 0 = 2*d + 2 - s. Calculate the remainder when 15 is divided by d.
7
Suppose 0 = -a - 4*c + 134, -24*a + 20*a + 4*c + 536 = 0. Calculate the remainder when a is divided by 48.
38
Let k be ((-6)/9*-6)/1. Suppose -28 = k*h - 104. Let y = 515 + -385. What is the remainder when y is divided by h?
16
Suppose 8*j + 3*j = 2*j. Suppose j = -2*u + 218 - 0. Calculate the remainder when u is divided by (-3*2 - -3) + 40.
35
Let g = 2932 + -2884. Calculate the remainder when 3165 is divided by g.
45
Suppose -14*y - 1274 = -8*y - 32*y. Calculate the remainder when 3/2*(-344)/(-